9?
11, 73, 683
What are the prime factors of 4792343?
61, 251, 313
What are the prime factors of 31910?
2, 5, 3191
List the prime factors of 8358797.
8358797
List the prime factors of 3636058.
2, 761, 2389
What are the prime factors of 2653173?
3, 17, 17341
List the prime factors of 166430.
2, 5, 11, 17, 89
List the prime factors of 2075821.
11, 188711
What are the prime factors of 12879?
3, 53
What are the prime factors of 1989660?
2, 3, 5, 33161
What are the prime factors of 6909967?
6909967
List the prime factors of 37296245.
5, 7, 151, 7057
What are the prime factors of 205722?
2, 3, 11, 1039
List the prime factors of 128275.
5, 7, 733
List the prime factors of 2146084.
2, 23, 23327
List the prime factors of 8096339.
8096339
What are the prime factors of 1350049?
1350049
What are the prime factors of 1934734?
2, 839, 1153
List the prime factors of 131698.
2, 7, 23, 409
What are the prime factors of 138092?
2, 19, 23, 79
What are the prime factors of 26758859?
19, 31, 181, 251
What are the prime factors of 428784?
2, 3, 8933
What are the prime factors of 260086?
2, 130043
What are the prime factors of 10187861?
43, 47, 71
List the prime factors of 407253.
3, 7, 11, 41, 43
What are the prime factors of 509353?
13, 39181
What are the prime factors of 9351918?
2, 3, 519551
List the prime factors of 354555.
3, 5, 7879
What are the prime factors of 148524?
2, 3, 12377
List the prime factors of 1439832.
2, 3, 17, 3529
What are the prime factors of 6288883?
401, 15683
List the prime factors of 1069517.
1069517
What are the prime factors of 203045?
5, 40609
List the prime factors of 74726.
2, 37363
What are the prime factors of 1083258?
2, 3, 11, 5471
List the prime factors of 1895027.
1895027
List the prime factors of 2613644.
2, 11, 191, 311
What are the prime factors of 17141?
61, 281
List the prime factors of 368692.
2, 92173
What are the prime factors of 3535717?
41, 83, 1039
List the prime factors of 8167.
8167
What are the prime factors of 6880214?
2, 11, 312737
List the prime factors of 112226.
2, 56113
List the prime factors of 1893434.
2, 946717
What are the prime factors of 5194239?
3, 19, 91127
What are the prime factors of 4201727?
4201727
What are the prime factors of 756865?
5, 19, 31, 257
List the prime factors of 1938275.
5, 31, 41, 61
List the prime factors of 580759.
580759
List the prime factors of 172178.
2, 19, 23, 197
List the prime factors of 259340.
2, 5, 12967
List the prime factors of 15465597.
3, 7, 17, 43321
What are the prime factors of 3017044?
2, 29, 31, 839
What are the prime factors of 915132?
2, 3, 76261
List the prime factors of 34208562.
2, 3, 31, 183917
List the prime factors of 11118146.
2, 13, 427621
List the prime factors of 4042880.
2, 5, 6317
List the prime factors of 7600792.
2, 950099
List the prime factors of 4174329.
3, 971, 1433
List the prime factors of 7430629.
7430629
List the prime factors of 17202522.
2, 3, 101, 28387
What are the prime factors of 135081?
3, 5003
What are the prime factors of 538839?
3, 7, 2851
What are the prime factors of 36249?
3, 43, 281
What are the prime factors of 292507?
53, 5519
What are the prime factors of 11901896?
2, 947, 1571
List the prime factors of 887490.
2, 3, 5, 19, 173
What are the prime factors of 10021068?
2, 3, 278363
What are the prime factors of 99739?
17, 5867
What are the prime factors of 29659755?
3, 5, 37, 53441
What are the prime factors of 3515861?
53, 66337
List the prime factors of 12159537.
3, 13, 73, 4271
What are the prime factors of 20121250?
2, 5, 16097
What are the prime factors of 527520?
2, 3, 5, 7, 157
What are the prime factors of 4525263?
3, 502807
List the prime factors of 126156.
2, 3, 10513
List the prime factors of 339229.
11, 30839
List the prime factors of 127009.
107, 1187
What are the prime factors of 3573366?
2, 3, 17, 53, 661
List the prime factors of 14447563.
13, 1111351
What are the prime factors of 3503694?
2, 3, 293, 1993
List the prime factors of 2124771.
3, 11, 31, 67
List the prime factors of 1066017.
3, 355339
List the prime factors of 35958688.
2, 1123709
What are the prime factors of 901050?
2, 3, 5, 6007
What are the prime factors of 798648?
2, 3, 107, 311
What are the prime factors of 7134644?
2, 11, 14741
What are the prime factors of 113570?
2, 5, 41, 277
What are the prime factors of 968107?
7, 19, 29, 251
List the prime factors of 238576.
2, 13, 31, 37
List the prime factors of 379233.
3, 29, 1453
What are the prime factors of 11070995?
5, 13, 17, 43, 233
What are the prime factors of 690241?
59, 11699
What are the prime factors of 17231555?
5, 11, 313301
What are the prime factors of 6737188?
2, 1684297
What are the prime factors of 749648?
2, 46853
What are the prime factors of 1441879?
1441879
What are the prime factors of 1331484?
2, 3, 7, 11, 131
List the prime factors of 892937.
79, 89, 127
List the prime factors of 61683.
3, 29, 709
List the prime factors of 1726981.
83, 20807
What are the prime factors of 6192784?
2, 13, 19, 1567
List the prime factors of 16787260.
2, 5, 7, 19, 6311
What are the prime factors of 212614?
2, 106307
List the prime factors of 317217.
3, 41, 2579
List the prime factors of 173174.
2, 86587
What are the prime factors of 707565?
3, 5, 43, 1097
What are the prime factors of 2003504?
2, 125219
List the prime factors of 133252.
2, 7, 4759
List the prime factors of 4165316.
2, 1041329
List the prime factors of 5953190.
2, 5, 595319
List the prime factors of 1130383.
857, 1319
What are the prime factors of 425660?
2, 5, 21283
List the prime factors of 16702603.
16702603
What are the prime factors of 221590?
2, 5, 22159
What are the prime factors of 22938312?
2, 3, 101, 9463
What are the prime factors of 4658471?
659, 7069
What are the prime factors of 5230018?
2, 61, 163, 263
List the prime factors of 623715.
3, 5, 43, 967
List the prime factors of 201503.
23, 8761
List the prime factors of 117437.
117437
List the prime factors of 5863207.
7, 837601
List the prime factors of 375491.
89, 4219
List the prime factors of 259326.
2, 3, 14407
What are the prime factors of 5584558?
2, 7, 37, 10781
What are the prime factors of 238104?
2, 3, 3307
What are the prime factors of 3536411?
23, 153757
What are the prime factors of 1883315?
5, 7, 7687
List the prime factors of 3375349.
3375349
What are the prime factors of 31422?
2, 3, 5237
List the prime factors of 1538744.
2, 192343
What are the prime factors of 5096072?
2, 211, 3019
What are the prime factors of 2753839?
11, 2069
List the prime factors of 2066859.
3, 29, 7919
What are the prime factors of 3541358?
2, 1770679
List the prime factors of 197775.
3, 5, 293
List the prime factors of 10680984.
2, 3, 53, 311
What are the prime factors of 9689561?
7, 577, 2399
What are the prime factors of 3314861?
11, 31, 9721
What are the prime factors of 736231?
19, 38749
List the prime factors of 214488.
2, 3, 331
List the prime factors of 178005.
3, 5, 11867
What are the prime factors of 20631197?
239, 86323
What are the prime factors of 5711038?
2, 23, 124153
List the prime factors of 961078.
2, 17, 23, 1229
List the prime factors of 3905431.
19, 205549
List the prime factors of 122046.
2, 3, 20341
List the prime factors of 45252.
2, 3, 419
List the prime factors of 17446.
2, 11, 13, 61
What are the prime factors of 1012697?
7, 144671
List the prime factors of 12931901.
281, 46021
What are the prime factors of 13579476?
2, 3, 23, 49201
List the prime factors of 25563737.
89, 287233
List the prime factors of 431704.
2, 7, 13, 593
List the prime factors of 7180475.
5, 287219
List the prime factors of 77446.
2, 38723
List the prime factors of 723616.
2, 22613
What are the prime factors of 1171662?
2, 3, 195277
What are the prime factors of 14230356?
2, 3, 7, 169409
List the prime factors of 9400444.
2, 2350111
What are the prime factors of 22990205?
5, 7, 17, 38639
List the prime factors of 489711.
3, 239, 683
What are the prime factors of 33107?
33107
What are the prime factors of 83438?
2, 41719
What are the prime factors of 300567?
3, 100189
What are the prime factors of 6222805?
5, 277, 4493
List the prime factors of 71682.
2, 3, 13, 919
List the prime factors of 28753602.
2, 3, 547, 8761
List the prime factors of 324600.
2, 3, 5, 541
List